64?
5
What is the hundred thousands digit of 129126268?
1
What is the millions digit of 10270234?
0
What is the tens digit of 374044695?
9
What is the hundred thousands digit of 15720674?
7
What is the hundreds digit of 4456339?
3
What is the hundred millions digit of 362481666?
3
What is the units digit of 35103363?
3
What is the millions digit of 47027968?
7
What is the ten thousands digit of 65698364?
9
What is the units digit of 1236885312?
2
What is the hundreds digit of 111687981?
9
What is the thousands digit of 26430055?
0
What is the hundreds digit of 65051807?
8
What is the ten millions digit of 925164459?
2
What is the thousands digit of 286628102?
8
What is the hundred millions digit of 599178263?
5
What is the hundreds digit of 550935693?
6
What is the ten thousands digit of 113447884?
4
What is the thousands digit of 1756333092?
3
What is the units digit of 103985947?
7
What is the millions digit of 429964945?
9
What is the ten millions digit of 26700861?
2
What is the ten millions digit of 365313493?
6
What is the hundred millions digit of 562708060?
5
What is the ten thousands digit of 153444319?
4
What is the hundreds digit of 3312957490?
4
What is the tens digit of 859312580?
8
What is the units digit of 4417856541?
1
What is the millions digit of 859015739?
9
What is the ten millions digit of 24678024?
2
What is the ten thousands digit of 467010868?
1
What is the units digit of 29322846?
6
What is the hundred thousands digit of 6030412691?
4
What is the tens digit of 1638539559?
5
What is the ten millions digit of 13969247?
1
What is the units digit of 229549637?
7
What is the ten millions digit of 50208755?
5
What is the hundred thousands digit of 754891085?
8
What is the millions digit of 2503464252?
3
What is the thousands digit of 66921118?
1
What is the hundreds digit of 374506936?
9
What is the thousands digit of 773116509?
6
What is the hundred millions digit of 4076440697?
0
What is the millions digit of 60128913?
0
What is the ten thousands digit of 84874029?
7
What is the ten millions digit of 69463627?
6
What is the billions digit of 2217753306?
2
What is the ten millions digit of 42262394?
4
What is the ten thousands digit of 55732973?
3
What is the tens digit of 244936683?
8
What is the hundred millions digit of 1741422553?
7
What is the ten thousands digit of 59662237?
6
What is the tens digit of 1641254246?
4
What is the tens digit of 152713901?
0
What is the thousands digit of 15304512?
4
What is the ten thousands digit of 2207075?
0
What is the thousands digit of 7786092?
6
What is the thousands digit of 6003101?
3
What is the hundred thousands digit of 82765857?
7
What is the hundreds digit of 111504295?
2
What is the units digit of 374665575?
5
What is the millions digit of 941330367?
1
What is the ten thousands digit of 282238535?
3
What is the ten millions digit of 3392100571?
9
What is the units digit of 55541191?
1
What is the millions digit of 14386956?
4
What is the ten millions digit of 132875661?
3
What is the hundred millions digit of 561202207?
5
What is the millions digit of 311734409?
1
What is the tens digit of 132024980?
8
What is the thousands digit of 3787366728?
6
What is the hundreds digit of 3760822?
8
What is the millions digit of 555137802?
5
What is the tens digit of 71121939?
3
What is the tens digit of 61021701?
0
What is the ten thousands digit of 75088893?
8
What is the thousands digit of 23860927?
0
What is the units digit of 994244302?
2
What is the hundred thousands digit of 440316813?
3
What is the hundred millions digit of 949261816?
9
What is the ten millions digit of 12487149?
1
What is the hundred millions digit of 991658263?
9
What is the millions digit of 163579937?
3
What is the tens digit of 929289285?
8
What is the tens digit of 1348698659?
5
What is the ten millions digit of 665444973?
6
What is the ten millions digit of 1298081332?
9
What is the thousands digit of 162006874?
6
What is the units digit of 390628898?
8
What is the tens digit of 48274360?
6
What is the tens digit of 479700153?
5
What is the units digit of 2781479166?
6
What is the units digit of 3981571539?
9
What is the hundreds digit of 23218327?
3
What is the ten millions digit of 43714736?
4
What is the millions digit of 6086640793?
6
What is the hundreds digit of 1159520642?
6
What is the millions digit of 68982996?
8
What is the units digit of 3189914?
4
What is the thousands digit of 435792629?
2
What is the millions digit of 2830835894?
0
What is the units digit of 31097817?
7
What is the millions digit of 65217656?
5
What is the ten millions digit of 5284485604?
8
What is the millions digit of 353094193?
3
What is the ten thousands digit of 7325977878?
7
What is the units digit of 828949135?
5
What is the tens digit of 88583086?
8
What is the hundred thousands digit of 160105902?
1
What is the billions digit of 4142088895?
4
What is the ten thousands digit of 109515396?
1
What is the billions digit of 3292467241?
3
What is the hundred thousands digit of 1159215445?
2
What is the hundred millions digit of 282315341?
2
What is the ten millions digit of 157572812?
5
What is the units digit of 971107322?
2
What is the thousands digit of 31163959?
3
What is the ten thousands digit of 251218218?
1
What is the hundreds digit of 89478272?
2
What is the hundreds digit of 37560237?
2
What is the thousands digit of 6405697138?
7
What is the hundred thousands digit of 21547115?
5
What is the ten millions digit of 101279048?
0
What is the ten millions digit of 898861424?
9
What is the hundred thousands digit of 49014627?
0
What is the hundred thousands digit of 255762035?
7
What is the millions digit of 81237362?
1
What is the billions digit of 2641316404?
2
What is the hundreds digit of 308450097?
0
What is the ten millions digit of 56425401?
5
What is the units digit of 287354642?
2
What is the millions digit of 1456801954?
6
What is the hundred millions digit of 561043256?
5
What is the tens digit of 990537976?
7
What is the hundreds digit of 2389008199?
1
What is the units digit of 4459371700?
0
What is the tens digit of 235128606?
0
What is the hundred thousands digit of 4454106642?
1
What is the ten thousands digit of 5709284198?
8
What is the millions digit of 2128108393?
8
What is the ten thousands digit of 46555792?
5
What is the hundred thousands digit of 2599814268?
8
What is the hundred thousands digit of 577285808?
2
What is the millions digit of 371882563?
1
What is the ten thousands digit of 59458309?
5
What is the hundred thousands digit of 182065341?
0
What is the ten thousands digit of 427232527?
3
What is the ten millions digit of 36589062?
3
What is the units digit of 219337534?
4
What is the ten thousands digit of 85052985?
5
What is the hundred thousands digit of 717762224?
7
What is the hundred millions digit of 1602318029?
6
What is the ten millions digit of 679918817?
7
What is the ten thousands digit of 864282140?
8
What is the millions digit of 86565786?
6
What is the tens digit of 142764476?
7
What is the ten millions digit of 1087951527?
8
What is the millions digit of 54102491?
4
What is the hundred thousands digit of 580113111?
1
What is the ten millions digit of 2769999532?
6
What is the tens digit of 9603676?
7
What is the ten millions digit of 266584975?
6
What is the hundred millions digit of 772648489?
7
What is the billions digit of 3141826076?
3
What is the thousands digit of 1482752914?
2
What is the hundred thousands digit of 572394057?
3
What is the hundreds digit of 115900920?
9
What is the units digit of 71296557?
7
What is the tens digit of 785385822?
2
What is the hundreds digit of 1154219426?
4
What is the hundreds digit of 5630474216?
2
What is the millions digit of 463512937?
3
What is the ten millions digit of 2611070790?
1
What is the thousands digit of 140979481?
9
What is the millions digit of 77595311?
7
What is the millions digit of 228546645?
8
What is the tens digit of 32414523?
2
What is the ten millions digit of 1984917531?
8
What is the tens digit of 89857819?
1
What is the thousands digit of 550545510?
5
What is the hundreds digit of 4684459978?
9
What is the hundred millions digit of 427798787?
4
What is the units digit of 158981825?
5
What i